
-1445556
In base 14, what is -c3 + 13045?
12d62
In base 13, what is 2 - 11661aa?
-11661a8
In base 6, what is 2505103 + -1532?
2503131
In base 14, what is 113 + 32c2?
33d5
In base 4, what is 1 - -32300013331?
32300013332
In base 12, what is -3 + -5587124?
-5587127
In base 3, what is 1110222100211122 + 2?
1110222100211201
In base 11, what is 3 - 607a518?
-607a515
In base 9, what is -3 + 16105676?
16105673
In base 2, what is 100010001110110 + 10011111110001?
110110001100111
In base 12, what is 15088 - 36?
15052
In base 9, what is 445432056 + 1?
445432057
In base 13, what is 2307 - b5?
2222
In base 10, what is -2 + 170054787?
170054785
In base 2, what is -10000101010100100 - 10000011011?
-10000111010111111
In base 12, what is -4b - 342504?
-342553
In base 2, what is -11 + 110111010000111010110110?
110111010000111010110011
In base 5, what is 3 + 1032332414?
1032332422
In base 14, what is 1ac5b9b - 8?
1ac5b93
In base 5, what is 10 - 3241441311?
-3241441301
In base 2, what is -100011010000000000011 - 1010000?
-100011010000001010011
In base 13, what is -3920c0 - -21?
-39209c
In base 14, what is -66 + 1bd4dd?
1bd477
In base 2, what is -10000100 + -1100111001011010010?
-1100111001101010110
In base 10, what is -16294088 + -3?
-16294091
In base 13, what is 5 - -1545b8?
1545c0
In base 7, what is -2532004 - -155?
-2531516
In base 2, what is -1110001 + -110100001000001110000?
-110100001000011100001
In base 2, what is 1011010001010 - 101001000111?
110001000011
In base 5, what is -2 + 221201234320?
221201234313
In base 8, what is -17355376 + -5?
-17355403
In base 4, what is -32 + 1211220010332?
1211220010300
In base 8, what is -73 - -563252?
563157
In base 14, what is a3da29 - c?
a3da1b
In base 6, what is -224 + -5345401?
-5350025
In base 5, what is 334231300 + 12?
334231312
In base 10, what is 52599 + 472?
53071
In base 4, what is -1112 + -1100312130?
-1100313302
In base 6, what is -4034012 + 10102?
-4023510
In base 12, what is 2 - 423745?
-423743
In base 5, what is -132343032 - -12?
-132343020
In base 6, what is 10015 + 12050?
22105
In base 11, what is 377 + -42168?
-418a1
In base 7, what is 3356610 - 6?
3356601
In base 13, what is 163c - bb6?
756
In base 14, what is -d76921 - 2?
-d76923
In base 4, what is -2021 - 13323103200?
-13323111221
In base 12, what is 0 - -135bb896?
135bb896
In base 5, what is 30410110 + 1433?
30412043
In base 3, what is -11111212211 - 102210012?
-11221200000
In base 5, what is -202404 - -2024?
-200330
In base 7, what is 133 - 16034256?
-16034123
In base 15, what is 945 - -30323?
30c68
In base 16, what is 462018 + -b?
46200d
In base 8, what is 44424627 - 0?
44424627
In base 2, what is -1000010000101111 + 1000111010001?
-111001001011110
In base 9, what is 16 + 27338160?
27338176
In base 3, what is 11 + 11002222100102021?
11002222100102102
In base 2, what is 100001110000 + -100010011100001011?
-100001111010011011
In base 15, what is 2e74 + -2425?
a4e
In base 6, what is 13134244 + -120?
13134124
In base 5, what is 124011042412 + 12?
124011042424
In base 8, what is -7747 - -24465?
14516
In base 14, what is -33 - 37c23?
-37c56
In base 9, what is -1072224 - 17?
-1072242
In base 6, what is 544 - 15144213?
-15143225
In base 8, what is 104 - 134464?
-134360
In base 8, what is -222032 + -34?
-222066
In base 7, what is -4 - -6405444?
6405440
In base 13, what is 9a941 + -119?
9a825
In base 3, what is -1201110 + -1020211?
-2222021
In base 13, what is 16c231 + 29?
16c25a
In base 4, what is 3 - -1131233300132?
1131233300201
In base 8, what is -4 - -254270522?
254270516
In base 8, what is 2133 + 14476?
16631
In base 11, what is a - 56746357?
-56746348
In base 5, what is -22131 + 3032443?
3010312
In base 2, what is -1010010110100111 - -111110?
-1010010101101001
In base 12, what is -1ba - -1389?
118b
In base 2, what is -1010100000101 - -11011000111010000?
11001110011001011
In base 11, what is 345 - -814401?
814746
In base 4, what is -21 + 1011202023202?
1011202023121
In base 4, what is -21013301 + 210223?
-20203012
In base 10, what is 171 - -1384852?
1385023
In base 11, what is -1947 + -99446?
-a0292
In base 15, what is 133 + 4004?
4137
In base 16, what is 138 - f85?
-e4d
In base 8, what is 43005307 - 6?
43005301
In base 11, what is -72 - -1567a6?
156734
In base 14, what is b6 + 16a1?
1777
In base 4, what is 11303 - 3222122?
-3210213
In base 15, what is 6d0c76 - 6?
6d0c70
In base 7, what is -246204 + 2351?
-243523
In base 9, what is 6 + -225336403?
-225336386
In base 7, what is 21110351 - 1034?
21106314
In base 7, what is -1 + -1363226316?
-1363226320
In base 15, what is 2975 - -823?
3298
In base 11, what is 4527225 - 9?
4527217
In base 8, what is 1034 + 330?
1364
In base 9, what is 23 + -1781012?
-1780878
In base 10, what is -17874398 - -5?
-17874393
In base 13, what is a + -cb38a?
-cb380
In base 3, what is -12020100211 - -20101?
-12020010110
In base 2, what is -1111 + -111010110101000111001100?
-111010110101000111011011
In base 11, what is -3217 + -12120?
-15337
In base 14, what is -9d40 + -118b?
-b0cb
In base 15, what is 3167 - 674?
29e3
In base 12, what is a90 - 13204?
-12334
In base 3, what is -22200002120111 - -12?
-22200002120022
In base 8, what is -4 - 743015104?
-743015110
In base 11, what is -85301 - -4850?
-80561
In base 4, what is 2102032201032 + 11?
2102032201103
In base 10, what is -183400 - -19?
-183381
In base 10, what is -35080001 + 3?
-35079998
In base 4, what is 12320302301 - -300?
12320303201
In base 10, what is -8705089 + 1?
-8705088
In base 3, what is 12021010122021 - 21220?
12021010100101
In base 7, what is 121 - -2620244?
2620365
In base 7, what is 413404 - -164?
413601
In base 7, what is -1 - -26435642?
26435641
In base 16, what is -23f5 - -1ec0?
-535
In base 15, what is -1ad684c + -3?
-1ad6850
In base 13, what is c76 + 3a11?
4987
In base 4, what is -11332220 - -32113?
-11300101
In base 16, what is 0 - -c59d8?
c59d8
In base 16, what is -924a - c?
-9256
In base 4, what is -3101030313332 - -3?
-3101030313323
In base 15, what is 170b2c + -4?
170b28
In base 11, what is -4529 - -823?
-3806
In base 16, what is 3476b6 - 6b?
34764b
In base 4, what is -101 - 311323232022?
-311323232123
In base 5, what is -433431 + -211?
-434142
In base 12, what is -1169 - -7629?
6480
In base 8, what is 65720 - 7355?
56343
In base 11, what is 226 - -369185?
369400
In base 14, what is 510d8 - 44?
51094
In base 5, what is 333 + -1402441?
-1402103
In base 5, what is 1334 + 43114100?
43120434
In base 8, what is -37 + 442165?
442126
In base 10, what is 6 - 44810287?
-44810281
In base 14, what is -1027c1 + 5?
-1027ba
In base 8, what is -10353 - -4626?
-3525
In base 3, what is -120001110122 - 1?
-120001110200
In base 3, what is 12011011010202 + 10?
12011011010212
In base 10, what is 4887 + -512?
4375
In base 7, what is 0 + -21353534?
-21353534
In base 13, what is -a5c0948 + 4?
-a5c0944
In base 15, what is 8ab91 + d2?
8ac73
In base 11, what is -236a + 1958?
-512
In base 14, what is -44b27 - 4d?
-44b76
In base 10, what is -419 + 32111?
31692
In base 4, what is -1 + -210013232130?
-210013232131
In base 6, what is 15243130 - 234?
15242452
In base 5, what is -12131 - -4032334?
4020203
In base 4, what is 3022010323 - -3103?
3022020032
In base 5, what is 1030 - -304020231?
304021311
In base 6, what is 40440234 + -23?
40440211
In base 3, what is -1101001011 + -21110?
-1101022121
In base 10, what is 26842039 - 9?
26842030
In base 3, what is 1 - 21211112221202?
-21211112221201
In base 15, what is -b - -b3ae22?
b3ae16
In base 8, what is -326 - 321467?
-322015
In base 16, what is 10cd62c + -2?
10cd62a
In base 13, what is 713 - -c7b6b?
c8581
In base 14, what is -bb - -4777bc?
477701
In base 3, what is -101000 + -220100210?
-220201210
In base 16, what is -f9 + -9da9b?
-9db94
In base 4, what is -1112020303 - -3210?
-1112011033
In base 12, what is -1145888 - 7b?
-1145947
In base 16, what is 707 - -8dd?
fe4
In base 15, what is -410e - -2ee1?
-111d
In base 16, what is -292fcb + -1?
-292fcc
In base 4, what is -331030 + -322322?
-1320012
In base 2, what is -10 + -111001110110000110001011?
-111001110110000110001101
In base 7, what is 2443 + 200202?
202645
In base 2, what is 11001 + 111011110101000100?
111011110101011101
In base 10, what is -2245699 - 5?
-2245704
In base 3, w